-3*c + 99. Calculate the highest common divisor of 72 and o.
24
Let m = 213 + -124. Suppose -496 = 3*b + 5*b. Let y = m + b. What is the highest common divisor of y and 9?
9
Suppose 5*s + 18 = -127. Let n be (-2)/(-6)*(308 + s). Calculate the highest common factor of 124 and n.
31
Let u(j) = 5*j + 28. Let f = -23 - -19. Let g be u(f). Suppose -139 = -g*m + 5. What is the greatest common divisor of m and 2?
2
Suppose 2*g - 4*q + 31 = 203, 4*g + 3*q = 333. Let y be ((-43440)/450)/(-4) - 2/15. Calculate the greatest common divisor of y and g.
12
Suppose 64*p - 52560 - 75952 = 0. What is the highest common factor of p and 32?
8
Let x be ((-10)/3)/(142/(-3408)). Calculate the greatest common divisor of 496 and x.
16
Suppose 0 = 13*k - 508 + 1262. Suppose -4*r = 4*d - 308, -2*d - 5*r + r + 144 = 0. Let j = k + d. Calculate the highest common factor of j and 264.
24
Suppose -591 - 101 - 892 = -33*v. Calculate the greatest common factor of v and 2856.
24
Let t be 16/9 + (-10)/(-45). Suppose 0 = -x + 128*a - 129*a + 80, 3*x - 260 = t*a. Let s = 43 - 22. What is the highest common divisor of s and x?
21
Suppose -5*y + 120 = -165*k + 160*k, y = -3*k + 28. What is the highest common factor of y and 4925?
25
Suppose 80*r - 3891 - 59145 = 12*r. What is the greatest common divisor of r and 9?
9
Let h be (-1)/(-3) + 58/6. Let d = h + 2. Let f(l) = -60*l**2 + 142*l - 8. Let n be f(2). Calculate the greatest common factor of n and d.
12
Let s(y) = y**3 - 2*y**2 - 13*y + 5. Let d(m) = 11*m - 28. Let h be d(3). Let f be s(h). What is the highest common factor of f and 90?
15
Let c(o) be the second derivative of o**5/10 + o**4/4 + o**3/6 - 2*o**2 - 58*o. Let v be c(3). Let l = 1 - -9. Calculate the highest common divisor of v and l.
10
Suppose 372*t - 688975 = 155*t. What is the highest common divisor of 25 and t?
25
Suppose -5*g = 5*x - 1370, -2*x = -16*g + 20*g - 1106. Calculate the highest common factor of g and 63.
9
Let n = -5115 + 5116. Calculate the highest common divisor of n and 2273.
1
Let d(p) = -p**3 + 19*p**2 - 21*p + 64. Let b be 16 + 0 + 3 - 1. Let a be d(b). Let l = -35 - -155. Calculate the greatest common factor of l and a.
10
Suppose -836*n + 853*n - 1088 = 0. What is the greatest common factor of n and 224?
32
Suppose 0 = -10*t + 4459 + 1181. Suppose 3*k = 5*u + 2*k - 964, 0 = 3*u + 3*k - t. Calculate the highest common factor of 144 and u.
48
Suppose 0 = -3121*n + 3162*n - 961081. What is the highest common factor of n and 22?
11
Let c(z) = z**2 - 7*z - 40. Let i be c(-4). Suppose 9*j - 520 = i*j. What is the greatest common divisor of j and 8?
8
Suppose 77*a - 44 = 73*a. Suppose a*w - 28*w + 136 = 0. Calculate the greatest common factor of 64 and w.
8
Suppose -4*q = -2*p - 16, 0*p = 5*p - 5*q + 20. Let x be (-9 + 8)*-60 + p/1. What is the greatest common factor of 50 and x?
10
Let h = 18188 + -18052. Calculate the highest common factor of h and 1156.
68
Let j = 138 - 111. Suppose -4*z - 368 = -j*z. Calculate the greatest common divisor of 640 and z.
16
Suppose 0 = -13*x - 1317 + 6010. What is the highest common factor of x and 38?
19
Suppose -155*x + 31708 + 50433 = -74099. What is the greatest common factor of x and 276?
12
Let b = 25669 - 25657. Calculate the highest common divisor of 1227 and b.
3
Suppose -1907 = -n - 5*x - 414, -2*n + 2975 = -x. Calculate the highest common factor of n and 1440.
48
Let c(v) = v**2 + 36*v + 651. Let d be c(-17). What is the greatest common factor of 72 and d?
8
Suppose 0 = -5*z - 5*t + 45, 6*t = 3*z + 4*t - 22. Let v be (-1138 + (-75)/5)*1*-1. Let w = v - 1145. Calculate the greatest common factor of z and w.
8
Suppose -5 = -16*p + 15*p. Suppose -798*t - 65 = -811*t. Calculate the greatest common factor of t and p.
5
Let x be 589/(-527) + (-6)/(-51) - (0 + -785). What is the highest common divisor of 245 and x?
49
Suppose -8*m - 1108 + 1076 = 0. Let v be -1 + m - 2380/(-17). What is the greatest common factor of v and 5?
5
Suppose -333*r = -945*r + 15536 + 36484. What is the greatest common divisor of r and 615?
5
Suppose 34*l = 438 - 30. Suppose 2*t = -5*k + 45, 2*k - 35*t - l = -37*t. What is the greatest common divisor of k and 3?
1
Let f(p) = p**2 - p + 7. Let l be f(-6). Suppose -l - 70 = -q. Let d = q - 14. What is the greatest common divisor of 15 and d?
15
Suppose 3*h = -5*m + 1173, -12*m = -10*m - 3*h - 486. Suppose 5*p - 2*v - 190 = 43, 3*v = 5*p - m. Calculate the highest common divisor of p and 25.
5
Suppose -26*f - 13*f = -1326. Calculate the greatest common factor of 17 and f.
17
Let l(u) = u + 4*u**2 - u**3 - 4*u**2. Let v be l(-2). Let o be (-10)/(4 - (-1 + v)). Calculate the greatest common divisor of 2 and o.
2
Suppose -28*m + u + 25372 = -23*m, 4*m = -4*u + 20288. Calculate the greatest common factor of 86 and m.
86
Let l = -412 - -464. Let b(z) = 6*z**2 - 14*z - 12. Let g be b(8). Calculate the greatest common factor of l and g.
52
Suppose 2*x + 12 = -c, 8 = 4*c - 2*x + 26. Let b be (3/c)/(1/(-12)). Suppose 4*k = b*k - 8. Calculate the greatest common factor of k and 4.
4
Let w = 1941 - 1257. Calculate the highest common divisor of w and 399.
57
Let r(s) = 11*s**3 + 2*s**2 + 38. Let u be r(0). Let i(q) = 15*q**2 - 2. Let p be i(-3). What is the greatest common factor of p and u?
19
Let b be (-22)/121 + 120/55. Let h be (1 - -3) + -21*b/(-3). What is the greatest common divisor of 30 and h?
6
Let q be (-2 + 68)/((-12)/(-16)). Suppose -313 = 3*x - q. Let c be (5 + x/10)*(-3 - -1). Calculate the greatest common divisor of c and 40.
5
Let y(l) = 5*l**2 - 20*l - 34. Let q be y(29). What is the highest common factor of 378 and q?
189
Let z(o) = 2*o**2 - o. Let h be z(-1). Suppose h*w - 33 - 9 = 0. Let g = w + -11. Calculate the greatest common factor of 3 and g.
3
Let f = -1 + 3. Suppose 14*z - 3543 - 713 = 0. Let r = 309 - z. Calculate the greatest common divisor of f and r.
1
Let r(x) = -x**2 - 46*x + 134. Let p be r(-46). Calculate the greatest common factor of 8 and p.
2
Let w be 2/(-8)*-142 - (-9)/18. Let g be 28/112 - (-5613)/12. Calculate the highest common factor of w and g.
36
Let y(m) = m**3 + 13*m**2 + m + 25. Suppose -20*i - 60 - 80 = 0. Let r be y(i). Calculate the greatest common divisor of 39 and r.
39
Suppose -10*x = -15*x - 5. Let a be (1*2/(-6))/(x/6). Suppose -q = a*c + c - 388, -5*c = -3*q - 628. What is the greatest common divisor of c and 16?
16
Let o be 5/2 + (-5)/(-60)*6. Let n be 20/(-8)*(-5 + o). Suppose -n*f + 941 + 509 = 0. What is the greatest common divisor of 29 and f?
29
Let h be (-29004)/58 - 10/(-145). Let o = h + 512. Let u(t) = 27*t - 3. Let b be u(5). Calculate the greatest common divisor of o and b.
12
Let v be ((-3)/6)/(4/(-1104)). Suppose -13*z - 10*z = -v. Suppose -62 = -f + 4. What is the greatest common divisor of f and z?
6
Let l be (-155)/62 + ((-2025)/2)/(-3). Let u = l + -331. What is the highest common divisor of 40 and u?
4
Let m(x) = -2*x**2 + 3*x + 9. Let l be m(3). Suppose l = -15*o + 21*o - 300. What is the highest common factor of 2 and o?
2
Let i(t) be the third derivative of 7*t**4/8 + 3*t**3/2 - 651*t**2. Let r be 30/(-4)*(-6)/9. Let n be i(r). Calculate the highest common factor of n and 6.
6
Suppose 3*l + 2*o = 158, -3*l + 2*o + 168 = -o. Let f(p) = 5*p + 75. Let n be f(-6). Calculate the greatest common divisor of n and l.
9
Let g = -18 - -1. Let y = g + 25. Suppose -2*u + 10 = -3*m - y, -5*m + 95 = 5*u. Calculate the greatest common factor of 195 and u.
15
Suppose 5*v - 530 = 2*a + 3*a, a = -4. Let g be 1*((3 - 159) + -6). Let s = g - -179. What is the greatest common factor of s and v?
17
Suppose 211*j = 95*j + 100*j + 16. Calculate the highest common factor of j and 967.
1
Let q(p) = 2*p**2 - 174*p + 1700. Let o be q(10). Calculate the greatest common factor of o and 720.
80
Let d be (-3)/2 - (-81)/18. Suppose -d*y + 411 + 48 = 0. Suppose 5*v + 38 = c + 121, -5*v = 2*c - 89. What is the greatest common divisor of v and y?
17
Let l = 16 - 7. Suppose m = -2*m + l. Suppose 5 = m*o - 1. Calculate the highest common factor of 10 and o.
2
Let w(c) = 2*c**2 - 40*c - 142. Let q be w(-5). Calculate the greatest common factor of q and 1716.
12
Let w(l) = l**2 + 3*l. Let u be w(-3). Suppose 72 = 3*h - u*h. Suppose -22*t + 24*t = 19*t - 